{"id":98,"date":"2023-07-24T16:44:18","date_gmt":"2023-07-24T16:44:18","guid":{"rendered":"https:\/\/jodelduett.ch\/?page_id=98"},"modified":"2024-03-13T20:35:55","modified_gmt":"2024-03-13T20:35:55","slug":"angebot","status":"publish","type":"page","link":"https:\/\/jodelduett.ch\/?page_id=98","title":{"rendered":"Angebot"},"content":{"rendered":"<p><span style=\"font-size: 12pt; font-family: helvetica, arial, sans-serif;\">Wir freuen uns \u00fcber Ihre Anfrage zu folgenden Anl\u00e4ssen:<\/span><\/p>\n<ul style=\"list-style-type: square;\">\n<li><span style=\"font-family: helvetica, arial, sans-serif; font-size: 12pt;\">Geburtstagsfest<\/span><\/li>\n<li><span style=\"font-family: helvetica, arial, sans-serif; font-size: 12pt;\">Hochzeitsmesse\/Ap\u00e9ro<\/span><\/li>\n<li><span style=\"font-family: helvetica, arial, sans-serif; font-size: 12pt;\">Jubil\u00e4um<\/span><\/li>\n<li><span style=\"font-family: helvetica, arial, sans-serif; font-size: 12pt;\">Firmenanlass<\/span><\/li>\n<li><span style=\"font-family: helvetica, arial, sans-serif; font-size: 12pt;\">Unterhaltungsabend<\/span><\/li>\n<li><span style=\"font-family: helvetica, arial, sans-serif; font-size: 12pt;\">Jodlerabend<\/span><\/li>\n<li><span style=\"font-family: helvetica, arial, sans-serif; font-size: 12pt;\">\u00c4lpler-Chilbi<\/span><\/li>\n<li><span style=\"font-family: helvetica, arial, sans-serif; font-size: 12pt;\">Bergfest<\/span><\/li>\n<li><span style=\"font-family: helvetica, arial, sans-serif; font-size: 12pt;\">Gottesdienst<\/span><\/li>\n<li><span style=\"font-family: helvetica, arial, sans-serif; font-size: 12pt;\">usw.<\/span><\/li>\n<\/ul>\n<p><span style=\"font-family: helvetica, arial, sans-serif;\">Unsere Gage betr\u00e4gt Fr. 120.&#8211; pro Person, somit total Fr. 360.&#8211; plus Fahrspesen.<\/span><\/p>\n<p><span style=\"font-family: helvetica, arial, sans-serif;\">\n<table id=\"tablepress-15\" class=\"tablepress tablepress-id-15\">\n<tbody class=\"row-hover\">\n<tr class=\"row-1\">\n\t<td class=\"column-1\">Wir treten jeweils dem Anlass entsprechend in einer der drei traditionellen Schwyzertrachten auf.<\/td><td class=\"column-2\"><a href=\"https:\/\/jodelduett.ch\/wp-content\/uploads\/2023\/07\/Werktagstracht.jpg\"><img src=\"https:\/\/jodelduett.ch\/wp-content\/uploads\/2023\/07\/Werktagstracht-300x240.jpg\" alt=\"\" width=\"300\" height=\"240\" class=\"alignnone size-medium wp-image-392\" \/><\/a><br \/>\nWerktagstracht<\/td>\n<\/tr>\n<tr class=\"row-2\">\n\t<td class=\"column-1\"><a href=\"https:\/\/jodelduett.ch\/wp-content\/uploads\/2023\/07\/Sonntagstracht.jpg\"><img src=\"https:\/\/jodelduett.ch\/wp-content\/uploads\/2023\/07\/Sonntagstracht-300x290.jpg\" alt=\"\" width=\"300\" height=\"290\" class=\"alignnone size-medium wp-image-405\" \/><\/a><br \/>\nSonntagstracht<\/td><td class=\"column-2\"><a href=\"https:\/\/jodelduett.ch\/wp-content\/uploads\/2023\/07\/Festtagstracht-2.jpg\"><img src=\"https:\/\/jodelduett.ch\/wp-content\/uploads\/2023\/07\/Festtagstracht-2-300x292.jpg\" alt=\"\" width=\"300\" height=\"292\" class=\"alignnone size-medium wp-image-408\" \/><\/a><br \/>\nFesttagstracht<\/td>\n<\/tr>\n<\/tbody>\n<\/table>\n<!-- #tablepress-15 from cache --><\/span><\/p>\n","protected":false},"excerpt":{"rendered":"<p>Wir freuen uns \u00fcber Ihre Anfrage zu folgenden Anl\u00e4ssen: Geburtstagsfest Hochzeitsmesse\/Ap\u00e9ro Jubil\u00e4um Firmenanlass Unterhaltungsabend Jodlerabend \u00c4lpler-Chilbi Bergfest Gottesdienst usw. Unsere Gage betr\u00e4gt Fr. 120.&#8211; pro Person, somit total Fr. 360.&#8211; plus Fahrspesen.<\/p>\n","protected":false},"author":1,"featured_media":0,"parent":0,"menu_order":0,"comment_status":"closed","ping_status":"closed","template":"","meta":[],"_links":{"self":[{"href":"https:\/\/jodelduett.ch\/index.php?rest_route=\/wp\/v2\/pages\/98"}],"collection":[{"href":"https:\/\/jodelduett.ch\/index.php?rest_route=\/wp\/v2\/pages"}],"about":[{"href":"https:\/\/jodelduett.ch\/index.php?rest_route=\/wp\/v2\/types\/page"}],"author":[{"embeddable":true,"href":"https:\/\/jodelduett.ch\/index.php?rest_route=\/wp\/v2\/users\/1"}],"replies":[{"embeddable":true,"href":"https:\/\/jodelduett.ch\/index.php?rest_route=%2Fwp%2Fv2%2Fcomments&post=98"}],"version-history":[{"count":17,"href":"https:\/\/jodelduett.ch\/index.php?rest_route=\/wp\/v2\/pages\/98\/revisions"}],"predecessor-version":[{"id":495,"href":"https:\/\/jodelduett.ch\/index.php?rest_route=\/wp\/v2\/pages\/98\/revisions\/495"}],"wp:attachment":[{"href":"https:\/\/jodelduett.ch\/index.php?rest_route=%2Fwp%2Fv2%2Fmedia&parent=98"}],"curies":[{"name":"wp","href":"https:\/\/api.w.org\/{rel}","templated":true}]}}

<p><span style="font-size: 12pt; font-family: helvetica, arial, sans-serif;">Wir freuen uns über Ihre Anfrage zu folgenden Anlässen:</span></p>
<ul style="list-style-type: square;">
<li><span style="font-family: helvetica, arial, sans-serif; font-size: 12pt;">Geburtstagsfest</span></li>
<li><span style="font-family: helvetica, arial, sans-serif; font-size: 12pt;">Hochzeitsmesse/Apéro</span></li>
<li><span style="font-family: helvetica, arial, sans-serif; font-size: 12pt;">Jubiläum</span></li>
<li><span style="font-family: helvetica, arial, sans-serif; font-size: 12pt;">Firmenanlass</span></li>
<li><span style="font-family: helvetica, arial, sans-serif; font-size: 12pt;">Unterhaltungsabend</span></li>
<li><span style="font-family: helvetica, arial, sans-serif; font-size: 12pt;">Jodlerabend</span></li>
<li><span style="font-family: helvetica, arial, sans-serif; font-size: 12pt;">Älpler-Chilbi</span></li>
<li><span style="font-family: helvetica, arial, sans-serif; font-size: 12pt;">Bergfest</span></li>
<li><span style="font-family: helvetica, arial, sans-serif; font-size: 12pt;">Gottesdienst</span></li>
<li><span style="font-family: helvetica, arial, sans-serif; font-size: 12pt;">usw.</span></li>
</ul>
<p><span style="font-family: helvetica, arial, sans-serif;">Unsere Gage beträgt Fr. 120.&#8211; pro Person, somit total Fr. 360.&#8211; plus Fahrspesen.</span></p>
<p><span style="font-family: helvetica, arial, sans-serif;">
<table id="tablepress-15" class="tablepress tablepress-id-15">
<tbody class="row-hover">
<tr class="row-1">
	<td class="column-1">Wir treten jeweils dem Anlass entsprechend in einer der drei traditionellen Schwyzertrachten auf.</td><td class="column-2"><a href="https://jodelduett.ch/wp-content/uploads/2023/07/Werktagstracht.jpg"><img src="https://jodelduett.ch/wp-content/uploads/2023/07/Werktagstracht-300x240.jpg" alt="" width="300" height="240" class="alignnone size-medium wp-image-392" /></a><br />
Werktagstracht</td>
</tr>
<tr class="row-2">
	<td class="column-1"><a href="https://jodelduett.ch/wp-content/uploads/2023/07/Sonntagstracht.jpg"><img src="https://jodelduett.ch/wp-content/uploads/2023/07/Sonntagstracht-300x290.jpg" alt="" width="300" height="290" class="alignnone size-medium wp-image-405" /></a><br />
Sonntagstracht</td><td class="column-2"><a href="https://jodelduett.ch/wp-content/uploads/2023/07/Festtagstracht-2.jpg"><img src="https://jodelduett.ch/wp-content/uploads/2023/07/Festtagstracht-2-300x292.jpg" alt="" width="300" height="292" class="alignnone size-medium wp-image-408" /></a><br />
Festtagstracht</td>
</tr>
</tbody>
</table>
<!-- #tablepress-15 from cache --></span></p>

<p>Wir freuen uns über Ihre Anfrage zu folgenden Anlässen: Geburtstagsfest Hochzeitsmesse/Apéro Jubiläum Firmenanlass Unterhaltungsabend Jodlerabend Älpler-Chilbi Bergfest Gottesdienst usw. Unsere Gage beträgt Fr. 120.&#8211; pro Person, somit total Fr. 360.&#8211; plus Fahrspesen.</p>
