{"id":133,"date":"2023-07-24T18:21:32","date_gmt":"2023-07-24T18:21:32","guid":{"rendered":"https:\/\/jodelduett.ch\/?page_id=133"},"modified":"2023-10-24T14:16:08","modified_gmt":"2023-10-24T14:16:08","slug":"ueber-uns","status":"publish","type":"page","link":"https:\/\/jodelduett.ch\/?page_id=133","title":{"rendered":"\u00dcber uns"},"content":{"rendered":"<p><span style=\"font-family: helvetica, arial, sans-serif;\">In der Primarschule, mit 11- und 12j\u00e4rig, hatten wir unseren ersten gemeinsamen Jodelauftritt. Einige Jahre sp\u00e4ter entdeckten wir unser Hobby aufs Neue und gr\u00fcndeten im Jahre 1991 unser Duett. Luise Betschart, Jolandas Mutter, die selber im Duett sang, \u00fcbte anf\u00e4nglich mit uns die Jodellieder ein und gab uns wertvolle Tipps.<\/span><\/p>\n<p><span style=\"font-family: helvetica, arial, sans-serif;\">Seither jodeln wir zusammen mit viel Freude und Begeisterung an Hochzeiten, Geburtstagen, Festen, Jodlerabenden usw.<\/span><\/p>\n<hr \/>\n<p><a href=\"https:\/\/jodelduett.ch\/wp-content\/uploads\/2023\/07\/Jolanda_Betschart-3.jpg\"><img decoding=\"async\" loading=\"lazy\" class=\"alignnone wp-image-445 size-large\" src=\"https:\/\/jodelduett.ch\/wp-content\/uploads\/2023\/07\/Jolanda_Betschart-3-1024x830.jpg\" alt=\"\" width=\"584\" height=\"473\" srcset=\"https:\/\/jodelduett.ch\/wp-content\/uploads\/2023\/07\/Jolanda_Betschart-3-1024x830.jpg 1024w, https:\/\/jodelduett.ch\/wp-content\/uploads\/2023\/07\/Jolanda_Betschart-3-300x243.jpg 300w, https:\/\/jodelduett.ch\/wp-content\/uploads\/2023\/07\/Jolanda_Betschart-3-768x623.jpg 768w, https:\/\/jodelduett.ch\/wp-content\/uploads\/2023\/07\/Jolanda_Betschart-3-370x300.jpg 370w, https:\/\/jodelduett.ch\/wp-content\/uploads\/2023\/07\/Jolanda_Betschart-3.jpg 1536w\" sizes=\"(max-width: 584px) 100vw, 584px\" \/><\/a><\/p>\n<p><span style=\"font-size: 14pt;\"><strong>Jolanda Betschart<\/strong><\/span><\/p>\n<p><span style=\"font-size: 12pt;\">Ich bin 1975 geboren. Das Jodeln wurde mir in die Wiege gelegt. Bereits seit Kindsbeinen an sind wir als Jodlerfamilie aufgetreten.<\/span><\/p>\n<p><span style=\"font-size: 12pt;\">Nebst dem Jodelduett bin ich in der Zithergruppe Illgau aktiv dabei und trete zwischendurch in verschiedenen kleinen Formationen auf.<\/span><\/p>\n<p><span style=\"font-size: 12pt;\">Mein Beruf als Kindergartenlehrperson gef\u00e4llt mir sehr.\u00a0<\/span><\/p>\n<p><span style=\"font-size: 12pt;\">Meine Hobbies sind: diverse Musikinstrumente spielen, jassen und Zeit am See verbringen.<\/span><\/p>\n<hr \/>\n<p><a href=\"https:\/\/jodelduett.ch\/wp-content\/uploads\/2023\/07\/Markus_Gaby.jpg\"><img decoding=\"async\" loading=\"lazy\" class=\"alignnone wp-image-444 size-large\" src=\"https:\/\/jodelduett.ch\/wp-content\/uploads\/2023\/07\/Markus_Gaby-1024x768.jpg\" alt=\"\" width=\"584\" height=\"438\" srcset=\"https:\/\/jodelduett.ch\/wp-content\/uploads\/2023\/07\/Markus_Gaby-1024x768.jpg 1024w, https:\/\/jodelduett.ch\/wp-content\/uploads\/2023\/07\/Markus_Gaby-300x225.jpg 300w, https:\/\/jodelduett.ch\/wp-content\/uploads\/2023\/07\/Markus_Gaby-768x576.jpg 768w, https:\/\/jodelduett.ch\/wp-content\/uploads\/2023\/07\/Markus_Gaby-1536x1152.jpg 1536w, https:\/\/jodelduett.ch\/wp-content\/uploads\/2023\/07\/Markus_Gaby-400x300.jpg 400w, https:\/\/jodelduett.ch\/wp-content\/uploads\/2023\/07\/Markus_Gaby.jpg 2048w\" sizes=\"(max-width: 584px) 100vw, 584px\" \/><\/a><\/p>\n<p><span style=\"font-size: 14pt;\"><strong>Gaby Mettler<\/strong><\/span><\/p>\n<p><span style=\"font-size: 12pt;\">Ich bin 1974 auf die Welt gekommen. Schon als Kind hatte ich grosse Freude am Singen. Seit meinem 14. Lebensjahr singe ich aktiv im <a href=\"https:\/\/www.kirchenchor-illgau.ch\/\" target=\"_blank\" rel=\"noopener\">Kirchenchor Illgau<\/a> und seit der Saison 2017\/2018 im <a href=\"https:\/\/www.theaterarth.ch\/\" target=\"_blank\" rel=\"noopener\">Theater Arth<\/a> im Operettenchor als Sopran.<\/span><\/p>\n<p><span style=\"font-size: 12pt;\">Nach Abschluss der Oberstufe besuchte ich in Seedorf UR die Haushaltungsschule und absolvierte anschliessend meine Ausbildung zur Bankkauffrau. Es folgte 2013 die Ausbildung zur Immobilienbewirtschafterin mit eidg. Fachausweis.<\/span><\/p>\n<p><span style=\"font-size: 12pt;\">1999 heiratete ich meinen Mann Markus und wir wohnen in meinem Heimatdorf Illgau.<\/span><\/p>\n<p><span style=\"font-size: 12pt;\">Zu meinen liebsten Freizeitbesch\u00e4ftigungen geh\u00f6ren: Golf spielen, Singen, Wandern, Tanzen, Jassen und Reisen.<\/span><\/p>\n<hr \/>\n<p><a href=\"https:\/\/jodelduett.ch\/wp-content\/uploads\/2023\/10\/Helen_Buergler1-1-scaled.jpg\"><img decoding=\"async\" loading=\"lazy\" src=\"https:\/\/jodelduett.ch\/wp-content\/uploads\/2023\/10\/Helen_Buergler1-1-1024x916.jpg\" alt=\"\" width=\"584\" height=\"522\" class=\"alignnone size-large wp-image-484\" srcset=\"https:\/\/jodelduett.ch\/wp-content\/uploads\/2023\/10\/Helen_Buergler1-1-1024x916.jpg 1024w, https:\/\/jodelduett.ch\/wp-content\/uploads\/2023\/10\/Helen_Buergler1-1-300x268.jpg 300w, https:\/\/jodelduett.ch\/wp-content\/uploads\/2023\/10\/Helen_Buergler1-1-768x687.jpg 768w, https:\/\/jodelduett.ch\/wp-content\/uploads\/2023\/10\/Helen_Buergler1-1-1536x1374.jpg 1536w, https:\/\/jodelduett.ch\/wp-content\/uploads\/2023\/10\/Helen_Buergler1-1-2048x1833.jpg 2048w, https:\/\/jodelduett.ch\/wp-content\/uploads\/2023\/10\/Helen_Buergler1-1-335x300.jpg 335w\" sizes=\"(max-width: 584px) 100vw, 584px\" \/><\/a><\/p>\n<p><span style=\"font-size: 14pt;\"><strong>Helen B\u00fcrgler<\/strong><\/span><\/p>\n<p>Ich erblickte das Licht der Welt im 1969 im Steinerberg. Dort bin ich auf dem elterlichen Bauernhof aufgewachsen und im Sommer gingen wir auf die Alp Rigi-W\u00f6lfertschen. Mit f\u00fcnf Jahren \u00fcbte ich mich im Handorgelspiel, sp\u00e4ter musizierte ich mit meiner Schwester Rita in der Kindertanzgruppe Sattel und bei verschiedenen &#8222;F\u00e4schtli&#8220;.<\/p>\n<p>Im Jahr 1995 heiratete ich Stefan B\u00fcrgler von Illgau und z\u00fcgelte in das &#8222;musikalische Dorf&#8220;. In den Jodelbegleit vertiefte ich mich ca. 1998 und bin seither mit verschiedenen Jodlerinnen anzutreffen. Erich (Jg. 1996) und Sandra (Jg.2000), unsere Kinder, spielen Handorgel und Schwyzer\u00f6rgeli. So kam es, dass wir seit dem Jahr 2011 als z&#8217;Husmatt\u00e4 Famili\u00e4musig unterwegs sind und die Illgauer Volksmusik pflegen.<\/p>\n<p>Nebst der Musik bin ich gerne am Haushalten, bewege mich in der Natur und geniesse den Augenblick.<\/p>\n","protected":false},"excerpt":{"rendered":"<p>In der Primarschule, mit 11- und 12j\u00e4rig, hatten wir unseren ersten gemeinsamen Jodelauftritt. Einige Jahre sp\u00e4ter entdeckten wir unser Hobby aufs Neue und gr\u00fcndeten im Jahre 1991 unser Duett. Luise Betschart, Jolandas Mutter, die selber im Duett sang, \u00fcbte anf\u00e4nglich &hellip; <a href=\"https:\/\/jodelduett.ch\/?page_id=133\">Weiterlesen <span class=\"meta-nav\">&rarr;<\/span><\/a><\/p>\n","protected":false},"author":1,"featured_media":0,"parent":0,"menu_order":0,"comment_status":"closed","ping_status":"closed","template":"","meta":[],"_links":{"self":[{"href":"https:\/\/jodelduett.ch\/index.php?rest_route=\/wp\/v2\/pages\/133"}],"collection":[{"href":"https:\/\/jodelduett.ch\/index.php?rest_route=\/wp\/v2\/pages"}],"about":[{"href":"https:\/\/jodelduett.ch\/index.php?rest_route=\/wp\/v2\/types\/page"}],"author":[{"embeddable":true,"href":"https:\/\/jodelduett.ch\/index.php?rest_route=\/wp\/v2\/users\/1"}],"replies":[{"embeddable":true,"href":"https:\/\/jodelduett.ch\/index.php?rest_route=%2Fwp%2Fv2%2Fcomments&post=133"}],"version-history":[{"count":22,"href":"https:\/\/jodelduett.ch\/index.php?rest_route=\/wp\/v2\/pages\/133\/revisions"}],"predecessor-version":[{"id":490,"href":"https:\/\/jodelduett.ch\/index.php?rest_route=\/wp\/v2\/pages\/133\/revisions\/490"}],"wp:attachment":[{"href":"https:\/\/jodelduett.ch\/index.php?rest_route=%2Fwp%2Fv2%2Fmedia&parent=133"}],"curies":[{"name":"wp","href":"https:\/\/api.w.org\/{rel}","templated":true}]}}

Über uns

<p><span style="font-family: helvetica, arial, sans-serif;">In der Primarschule, mit 11- und 12järig, hatten wir unseren ersten gemeinsamen Jodelauftritt. Einige Jahre später entdeckten wir unser Hobby aufs Neue und gründeten im Jahre 1991 unser Duett. Luise Betschart, Jolandas Mutter, die selber im Duett sang, übte anfänglich mit uns die Jodellieder ein und gab uns wertvolle Tipps.</span></p>
<p><span style="font-family: helvetica, arial, sans-serif;">Seither jodeln wir zusammen mit viel Freude und Begeisterung an Hochzeiten, Geburtstagen, Festen, Jodlerabenden usw.</span></p>
<hr />
<p><a href="https://jodelduett.ch/wp-content/uploads/2023/07/Jolanda_Betschart-3.jpg"><img decoding="async" loading="lazy" class="alignnone wp-image-445 size-large" src="https://jodelduett.ch/wp-content/uploads/2023/07/Jolanda_Betschart-3-1024x830.jpg" alt="" width="584" height="473" srcset="https://jodelduett.ch/wp-content/uploads/2023/07/Jolanda_Betschart-3-1024x830.jpg 1024w, https://jodelduett.ch/wp-content/uploads/2023/07/Jolanda_Betschart-3-300x243.jpg 300w, https://jodelduett.ch/wp-content/uploads/2023/07/Jolanda_Betschart-3-768x623.jpg 768w, https://jodelduett.ch/wp-content/uploads/2023/07/Jolanda_Betschart-3-370x300.jpg 370w, https://jodelduett.ch/wp-content/uploads/2023/07/Jolanda_Betschart-3.jpg 1536w" sizes="(max-width: 584px) 100vw, 584px" /></a></p>
<p><span style="font-size: 14pt;"><strong>Jolanda Betschart</strong></span></p>
<p><span style="font-size: 12pt;">Ich bin 1975 geboren. Das Jodeln wurde mir in die Wiege gelegt. Bereits seit Kindsbeinen an sind wir als Jodlerfamilie aufgetreten.</span></p>
<p><span style="font-size: 12pt;">Nebst dem Jodelduett bin ich in der Zithergruppe Illgau aktiv dabei und trete zwischendurch in verschiedenen kleinen Formationen auf.</span></p>
<p><span style="font-size: 12pt;">Mein Beruf als Kindergartenlehrperson gefällt mir sehr. </span></p>
<p><span style="font-size: 12pt;">Meine Hobbies sind: diverse Musikinstrumente spielen, jassen und Zeit am See verbringen.</span></p>
<hr />
<p><a href="https://jodelduett.ch/wp-content/uploads/2023/07/Markus_Gaby.jpg"><img decoding="async" loading="lazy" class="alignnone wp-image-444 size-large" src="https://jodelduett.ch/wp-content/uploads/2023/07/Markus_Gaby-1024x768.jpg" alt="" width="584" height="438" srcset="https://jodelduett.ch/wp-content/uploads/2023/07/Markus_Gaby-1024x768.jpg 1024w, https://jodelduett.ch/wp-content/uploads/2023/07/Markus_Gaby-300x225.jpg 300w, https://jodelduett.ch/wp-content/uploads/2023/07/Markus_Gaby-768x576.jpg 768w, https://jodelduett.ch/wp-content/uploads/2023/07/Markus_Gaby-1536x1152.jpg 1536w, https://jodelduett.ch/wp-content/uploads/2023/07/Markus_Gaby-400x300.jpg 400w, https://jodelduett.ch/wp-content/uploads/2023/07/Markus_Gaby.jpg 2048w" sizes="(max-width: 584px) 100vw, 584px" /></a></p>
<p><span style="font-size: 14pt;"><strong>Gaby Mettler</strong></span></p>
<p><span style="font-size: 12pt;">Ich bin 1974 auf die Welt gekommen. Schon als Kind hatte ich grosse Freude am Singen. Seit meinem 14. Lebensjahr singe ich aktiv im <a href="https://www.kirchenchor-illgau.ch/" target="_blank" rel="noopener">Kirchenchor Illgau</a> und seit der Saison 2017/2018 im <a href="https://www.theaterarth.ch/" target="_blank" rel="noopener">Theater Arth</a> im Operettenchor als Sopran.</span></p>
<p><span style="font-size: 12pt;">Nach Abschluss der Oberstufe besuchte ich in Seedorf UR die Haushaltungsschule und absolvierte anschliessend meine Ausbildung zur Bankkauffrau. Es folgte 2013 die Ausbildung zur Immobilienbewirtschafterin mit eidg. Fachausweis.</span></p>
<p><span style="font-size: 12pt;">1999 heiratete ich meinen Mann Markus und wir wohnen in meinem Heimatdorf Illgau.</span></p>
<p><span style="font-size: 12pt;">Zu meinen liebsten Freizeitbeschäftigungen gehören: Golf spielen, Singen, Wandern, Tanzen, Jassen und Reisen.</span></p>
<hr />
<p><a href="https://jodelduett.ch/wp-content/uploads/2023/10/Helen_Buergler1-1-scaled.jpg"><img decoding="async" loading="lazy" src="https://jodelduett.ch/wp-content/uploads/2023/10/Helen_Buergler1-1-1024x916.jpg" alt="" width="584" height="522" class="alignnone size-large wp-image-484" srcset="https://jodelduett.ch/wp-content/uploads/2023/10/Helen_Buergler1-1-1024x916.jpg 1024w, https://jodelduett.ch/wp-content/uploads/2023/10/Helen_Buergler1-1-300x268.jpg 300w, https://jodelduett.ch/wp-content/uploads/2023/10/Helen_Buergler1-1-768x687.jpg 768w, https://jodelduett.ch/wp-content/uploads/2023/10/Helen_Buergler1-1-1536x1374.jpg 1536w, https://jodelduett.ch/wp-content/uploads/2023/10/Helen_Buergler1-1-2048x1833.jpg 2048w, https://jodelduett.ch/wp-content/uploads/2023/10/Helen_Buergler1-1-335x300.jpg 335w" sizes="(max-width: 584px) 100vw, 584px" /></a></p>
<p><span style="font-size: 14pt;"><strong>Helen Bürgler</strong></span></p>
<p>Ich erblickte das Licht der Welt im 1969 im Steinerberg. Dort bin ich auf dem elterlichen Bauernhof aufgewachsen und im Sommer gingen wir auf die Alp Rigi-Wölfertschen. Mit fünf Jahren übte ich mich im Handorgelspiel, später musizierte ich mit meiner Schwester Rita in der Kindertanzgruppe Sattel und bei verschiedenen &#8222;Fäschtli&#8220;.</p>
<p>Im Jahr 1995 heiratete ich Stefan Bürgler von Illgau und zügelte in das &#8222;musikalische Dorf&#8220;. In den Jodelbegleit vertiefte ich mich ca. 1998 und bin seither mit verschiedenen Jodlerinnen anzutreffen. Erich (Jg. 1996) und Sandra (Jg.2000), unsere Kinder, spielen Handorgel und Schwyzerörgeli. So kam es, dass wir seit dem Jahr 2011 als z&#8217;Husmattä Familiämusig unterwegs sind und die Illgauer Volksmusik pflegen.</p>
<p>Nebst der Musik bin ich gerne am Haushalten, bewege mich in der Natur und geniesse den Augenblick.</p>

<p>In der Primarschule, mit 11- und 12järig, hatten wir unseren ersten gemeinsamen Jodelauftritt. Einige Jahre später entdeckten wir unser Hobby aufs Neue und gründeten im Jahre 1991 unser Duett. Luise Betschart, Jolandas Mutter, die selber im Duett sang, übte anfänglich &hellip; <a href="https://jodelduett.ch/?page_id=133">Weiterlesen <span class="meta-nav">&rarr;</span></a></p>
